{"id":39,"date":"2021-07-17T08:29:25","date_gmt":"2021-07-17T08:29:25","guid":{"rendered":"https:\/\/www.topcita.es\/blog\/?page_id=39"},"modified":"2022-06-03T07:03:50","modified_gmt":"2022-06-03T07:03:50","slug":"cita-previa-para-tramites","status":"publish","type":"page","link":"https:\/\/www.topcita.es\/blog\/","title":{"rendered":"Cita Previa Para Tr\u00e1mites"},"content":{"rendered":"\n<figure class=\"wp-block-gallery columns-1 is-cropped wp-block-gallery-1 is-layout-flex wp-block-gallery-is-layout-flex\"><ul class=\"blocks-gallery-grid\"><li class=\"blocks-gallery-item\"><figure><img loading=\"lazy\" decoding=\"async\" width=\"1024\" height=\"446\" src=\"https:\/\/www.topcita.es\/blog\/wp-content\/uploads\/2021\/07\/cita-previa-admon-1024x446.jpg\" alt=\"Cita Previa SEPE\" data-id=\"25\" data-full-url=\"https:\/\/www.topcita.es\/blog\/wp-content\/uploads\/2021\/07\/cita-previa-admon.jpg\" data-link=\"https:\/\/www.topcita.es\/blog\/?attachment_id=25#main\" class=\"wp-image-25\" srcset=\"https:\/\/www.topcita.es\/blog\/wp-content\/uploads\/2021\/07\/cita-previa-admon-1024x446.jpg 1024w, https:\/\/www.topcita.es\/blog\/wp-content\/uploads\/2021\/07\/cita-previa-admon-300x131.jpg 300w, https:\/\/www.topcita.es\/blog\/wp-content\/uploads\/2021\/07\/cita-previa-admon-768x335.jpg 768w, https:\/\/www.topcita.es\/blog\/wp-content\/uploads\/2021\/07\/cita-previa-admon.jpg 1191w\" sizes=\"auto, (max-width: 1024px) 100vw, 1024px\" \/><\/figure><\/li><\/ul><\/figure>\n\n\n\n<p>En la actualidad, cualquier gesti\u00f3n o tr\u00e1mite a realizar con los Organismos P\u00fablicos, por ejemplo, Hacienda, el SEPE, La Seguridad Social, la DGT &#8211; Direcci\u00f3n de General de Tr\u00e1fico, etc. es necesario pedir antes una cita previa. Es decir tener acordado un d\u00eda y hora para poder ser recibidos. <\/p>\n\n\n\n<p>El sistema de Cita Previa, se ha visto incrementado a raiz de la pandemia del Covid debido a la necesidad de evitar aglomeraciones de p\u00fablico en locales cerrados y tomar las correspondientes medidas de seguridad para el acceso a los Servicios P\u00fablicos.<\/p>\n\n\n\n<p>De la misma forma, las principales empresas de servicios b\u00e1sicos, como la luz, el gas, las compa\u00f1ias de seguros, los bancos y otros tantos, han implantado la cita previa para atender a sus clientes.<\/p>\n\n\n\n<h2 class=\"wp-block-heading\">Como Pedir Cita Previa <\/h2>\n\n\n\n<p>Con el fin de facilitar al usuario la obtenci\u00f3n de la cita previa en los diferentes Organismos P\u00fablicos (estatales, auton\u00f3micos y ayuntamientos) y empresas privadas de servicios b\u00e1sicos, en Topcita, hemos recopilado los enlaces a las respectivas web y tel\u00e9fonos gratuitos directos en cada uno de ellos .<\/p>\n\n\n\n<p>De esta forma, si accede a nuestra home, le mostramos todas las provincias espa\u00f1olas a trav\u00e9s de las cuales encontrar\u00e1 las posblaciones de cada una de ellas con los tr\u00e1mites m\u00e1s habituales y forma de conseguir la cita previa.<\/p>\n\n\n\n<p>No obstante, La Administraci\u00f3n Publ\u00edca facilita el acceso a la Cita Previa mediante la sede electr\u00f3nica del Gobierno en la siguiente P\u00e1gina de la Sede de Administraciones p\u00fablicas seleccionando el tr\u00e1mite o Departamento que se necesite entre el SEPE, la seguridad social, la DGT, Etc.<\/p>\n\n\n\n<p>En cada una de las poblaciones tiene acceso a pedir cita previa en tr\u00e1mites como:<\/p>\n\n\n\n<ul class=\"wp-block-list\"><li>Pedir cita Previa para el m\u00e9dico en cada una de los servicios de Salud de las Comunidades aut\u00f3nomas.<\/li><li><a href=\"https:\/\/www.topcita.es\/blog\/cita-previa-sepe\/\">Cita Previa para el SEPE <\/a>si necesita tramitar una prestaci\u00f3n y otras gestiones de emprendedores, garant\u00eda juvenil y cobrar el paro o desempleo.<\/li><li>Cita Previa necesaria en la DGT para renovar el permiso de conducir o cambiar un veh\u00edculo de nombre.<\/li><li>Cita Para huellas en los casos de entranjeria o solicitar y renovar el NIE.<\/li><li>Solicitar empadronamiento en cada uno de los ayuntamientos donde resida.<\/li><li>Cita con la Seguridad social para tramitar pensiones o altas y bajas en la Seguridad Social.<\/li><\/ul>\n\n\n\n<p>Algunas de las direcciones que facilitamos en nuestro sitio web para solicitar Cita Previa en gestiones con las administraciones p\u00fablicas:<\/p>\n\n\n\n<ul class=\"wp-block-list\"><li>Cita Previa con el <a href=\"https:\/\/www.topcita.es\/murcia\/san-javier\/cita-previa-medico-sms-murcia\/\">M\u00e9dico en la Comunidad de Murcia <\/a>.<\/li><li>Cita Previa con el <a href=\"https:\/\/www.topcita.es\/coruna-a\/ribeira\/cita-previa-medico-sergas\/\">m\u00e9dico en Galicia <\/a><\/li><li>Cita Previa <a href=\"https:\/\/www.topcita.es\/rioja-la\/logrono\/cita-previa-medico-rioja-salud\/\">M\u00e9dico en la Rioja <\/a><\/li><li>Cita Para <a href=\"https:\/\/www.topcita.es\/barcelona\/barcelona\/cita-previa-extranjeria\/\">Huellas Extranjer\u00eda en Barcelona<\/a> <\/li><li><a href=\"https:\/\/www.topcita.es\/barcelona\/barcelona\/dgt\/citaprevia\/\">Cita Previa DGT Barcelona<\/a><\/li><li><a href=\"https:\/\/www.topcita.es\/malaga\/malaga\/itv\/\">Cita Itv M\u00e1laga<\/a><\/li><li><a href=\"https:\/\/www.topcita.es\/valencia\/valencia\/cita-previa-sede-catastro\/\">Catastro Valencia Cita Previa<\/a><\/li><li><a href=\"https:\/\/www.topcita.es\/barcelona\/barcelona\/cita-previa-extranjeria\/\">Cita Previa Extranjeria Barcelona<\/a><\/li><li><a href=\"https:\/\/www.topcita.es\/barcelona\/barcelona\/cita-previa-sede-catastro\/\">Cita Previa Catastro Barcelona <\/a>  <\/li><\/ul>\n","protected":false},"excerpt":{"rendered":"<p>En la actualidad, cualquier gesti\u00f3n o tr\u00e1mite a realizar con los Organismos P\u00fablicos, por ejemplo, Hacienda, el SEPE, La Seguridad Social, la DGT &#8211; Direcci\u00f3n de General de Tr\u00e1fico, etc. es necesario pedir antes una cita previa. Es decir tener acordado un d\u00eda y hora para poder ser recibidos. El sistema de Cita Previa, se &#8230; <a title=\"Cita Previa Para Tr\u00e1mites\" class=\"read-more\" href=\"https:\/\/www.topcita.es\/blog\/\" aria-label=\"M\u00e1s en Cita Previa Para Tr\u00e1mites\">Leer m\u00e1s<\/a><\/p>\n","protected":false},"author":1,"featured_media":0,"parent":0,"menu_order":0,"comment_status":"closed","ping_status":"closed","template":"","meta":{"footnotes":""},"class_list":["post-39","page","type-page","status-publish"],"yoast_head":"<!-- This site is optimized with the Yoast SEO plugin v20.13 - https:\/\/yoast.com\/wordpress\/plugins\/seo\/ -->\n<title>Cita Previa Para Tr\u00e1mites - TopCita.es<\/title>\n<meta name=\"description\" content=\"Pedir Cita Previa para los tr\u00e1mites con las Administraciones P\u00fablicas y servicios B\u00e1sicos con direcci\u00f3n y tel\u00e9fono. SEPE, Seguridad Social, DNI, DGT, ITV, etc\" \/>\n<meta name=\"robots\" content=\"index, follow, max-snippet:-1, max-image-preview:large, max-video-preview:-1\" \/>\n<link rel=\"canonical\" href=\"https:\/\/www.topcita.es\/blog\/\" \/>\n<meta property=\"og:locale\" content=\"es_ES\" \/>\n<meta property=\"og:type\" content=\"article\" \/>\n<meta property=\"og:title\" content=\"Cita Previa Para Tr\u00e1mites - TopCita.es\" \/>\n<meta property=\"og:description\" content=\"Pedir Cita Previa para los tr\u00e1mites con las Administraciones P\u00fablicas y servicios B\u00e1sicos con direcci\u00f3n y tel\u00e9fono. SEPE, Seguridad Social, DNI, DGT, ITV, etc\" \/>\n<meta property=\"og:url\" content=\"https:\/\/www.topcita.es\/blog\/\" \/>\n<meta property=\"og:site_name\" content=\"TopCita.es\" \/>\n<meta property=\"article:modified_time\" content=\"2022-06-03T07:03:50+00:00\" \/>\n<meta name=\"twitter:card\" content=\"summary_large_image\" \/>\n<meta name=\"twitter:label1\" content=\"Tiempo de lectura\" \/>\n\t<meta name=\"twitter:data1\" content=\"3 minutos\" \/>\n<script type=\"application\/ld+json\" class=\"yoast-schema-graph\">{\"@context\":\"https:\/\/schema.org\",\"@graph\":[{\"@type\":\"WebPage\",\"@id\":\"https:\/\/www.topcita.es\/blog\/\",\"url\":\"https:\/\/www.topcita.es\/blog\/\",\"name\":\"Cita Previa Para Tr\u00e1mites - TopCita.es\",\"isPartOf\":{\"@id\":\"https:\/\/www.topcita.es\/blog\/#website\"},\"datePublished\":\"2021-07-17T08:29:25+00:00\",\"dateModified\":\"2022-06-03T07:03:50+00:00\",\"description\":\"Pedir Cita Previa para los tr\u00e1mites con las Administraciones P\u00fablicas y servicios B\u00e1sicos con direcci\u00f3n y tel\u00e9fono. SEPE, Seguridad Social, DNI, DGT, ITV, etc\",\"breadcrumb\":{\"@id\":\"https:\/\/www.topcita.es\/blog\/#breadcrumb\"},\"inLanguage\":\"es\",\"potentialAction\":[{\"@type\":\"ReadAction\",\"target\":[\"https:\/\/www.topcita.es\/blog\/\"]}]},{\"@type\":\"BreadcrumbList\",\"@id\":\"https:\/\/www.topcita.es\/blog\/#breadcrumb\",\"itemListElement\":[{\"@type\":\"ListItem\",\"position\":1,\"name\":\"Portada\",\"item\":\"https:\/\/www.topcita.es\/blog\/\"},{\"@type\":\"ListItem\",\"position\":2,\"name\":\"Cita Previa Para Tr\u00e1mites\"}]},{\"@type\":\"WebSite\",\"@id\":\"https:\/\/www.topcita.es\/blog\/#website\",\"url\":\"https:\/\/www.topcita.es\/blog\/\",\"name\":\"TopCita.es\",\"description\":\"El mejor portal para pedir citas con la administraci\u00f3n\",\"potentialAction\":[{\"@type\":\"SearchAction\",\"target\":{\"@type\":\"EntryPoint\",\"urlTemplate\":\"https:\/\/www.topcita.es\/blog\/?s={search_term_string}\"},\"query-input\":\"required name=search_term_string\"}],\"inLanguage\":\"es\"}]}<\/script>\n<!-- \/ Yoast SEO plugin. -->","yoast_head_json":{"title":"Cita Previa Para Tr\u00e1mites - TopCita.es","description":"Pedir Cita Previa para los tr\u00e1mites con las Administraciones P\u00fablicas y servicios B\u00e1sicos con direcci\u00f3n y tel\u00e9fono. SEPE, Seguridad Social, DNI, DGT, ITV, etc","robots":{"index":"index","follow":"follow","max-snippet":"max-snippet:-1","max-image-preview":"max-image-preview:large","max-video-preview":"max-video-preview:-1"},"canonical":"https:\/\/www.topcita.es\/blog\/","og_locale":"es_ES","og_type":"article","og_title":"Cita Previa Para Tr\u00e1mites - TopCita.es","og_description":"Pedir Cita Previa para los tr\u00e1mites con las Administraciones P\u00fablicas y servicios B\u00e1sicos con direcci\u00f3n y tel\u00e9fono. SEPE, Seguridad Social, DNI, DGT, ITV, etc","og_url":"https:\/\/www.topcita.es\/blog\/","og_site_name":"TopCita.es","article_modified_time":"2022-06-03T07:03:50+00:00","twitter_card":"summary_large_image","twitter_misc":{"Tiempo de lectura":"3 minutos"},"schema":{"@context":"https:\/\/schema.org","@graph":[{"@type":"WebPage","@id":"https:\/\/www.topcita.es\/blog\/","url":"https:\/\/www.topcita.es\/blog\/","name":"Cita Previa Para Tr\u00e1mites - TopCita.es","isPartOf":{"@id":"https:\/\/www.topcita.es\/blog\/#website"},"datePublished":"2021-07-17T08:29:25+00:00","dateModified":"2022-06-03T07:03:50+00:00","description":"Pedir Cita Previa para los tr\u00e1mites con las Administraciones P\u00fablicas y servicios B\u00e1sicos con direcci\u00f3n y tel\u00e9fono. SEPE, Seguridad Social, DNI, DGT, ITV, etc","breadcrumb":{"@id":"https:\/\/www.topcita.es\/blog\/#breadcrumb"},"inLanguage":"es","potentialAction":[{"@type":"ReadAction","target":["https:\/\/www.topcita.es\/blog\/"]}]},{"@type":"BreadcrumbList","@id":"https:\/\/www.topcita.es\/blog\/#breadcrumb","itemListElement":[{"@type":"ListItem","position":1,"name":"Portada","item":"https:\/\/www.topcita.es\/blog\/"},{"@type":"ListItem","position":2,"name":"Cita Previa Para Tr\u00e1mites"}]},{"@type":"WebSite","@id":"https:\/\/www.topcita.es\/blog\/#website","url":"https:\/\/www.topcita.es\/blog\/","name":"TopCita.es","description":"El mejor portal para pedir citas con la administraci\u00f3n","potentialAction":[{"@type":"SearchAction","target":{"@type":"EntryPoint","urlTemplate":"https:\/\/www.topcita.es\/blog\/?s={search_term_string}"},"query-input":"required name=search_term_string"}],"inLanguage":"es"}]}},"_links":{"self":[{"href":"https:\/\/www.topcita.es\/blog\/wp-json\/wp\/v2\/pages\/39","targetHints":{"allow":["GET"]}}],"collection":[{"href":"https:\/\/www.topcita.es\/blog\/wp-json\/wp\/v2\/pages"}],"about":[{"href":"https:\/\/www.topcita.es\/blog\/wp-json\/wp\/v2\/types\/page"}],"author":[{"embeddable":true,"href":"https:\/\/www.topcita.es\/blog\/wp-json\/wp\/v2\/users\/1"}],"replies":[{"embeddable":true,"href":"https:\/\/www.topcita.es\/blog\/wp-json\/wp\/v2\/comments?post=39"}],"version-history":[{"count":7,"href":"https:\/\/www.topcita.es\/blog\/wp-json\/wp\/v2\/pages\/39\/revisions"}],"predecessor-version":[{"id":184,"href":"https:\/\/www.topcita.es\/blog\/wp-json\/wp\/v2\/pages\/39\/revisions\/184"}],"wp:attachment":[{"href":"https:\/\/www.topcita.es\/blog\/wp-json\/wp\/v2\/media?parent=39"}],"curies":[{"name":"wp","href":"https:\/\/api.w.org\/{rel}","templated":true}]}}