{"id":64,"date":"2021-08-04T12:45:08","date_gmt":"2021-08-04T12:45:08","guid":{"rendered":"https:\/\/www.topcita.es\/blog\/?page_id=64"},"modified":"2022-06-02T14:43:57","modified_gmt":"2022-06-02T14:43:57","slug":"cita-previa-seguridad-social","status":"publish","type":"page","link":"https:\/\/www.topcita.es\/blog\/cita-previa-seguridad-social\/","title":{"rendered":"Cita Previa Seguridad Social"},"content":{"rendered":"\n<p>Solicitar una <a href=\"https:\/\/www.topcita.es\/lleida\/lleida\/seguridad-social\/\">cita previa para el INSS o Seguridad Social <\/a> es un tr\u00e1mite que deberemos realizar en alg\u00fan momento de nuestra vida. Hoy en d\u00eda es posible hacerlo por internet o tel\u00e9fono, sin tener que movernos de casa o cumplir con requisitos extras.<\/p>\n\n\n\n<h2 class=\"wp-block-heading\">Solicitud de cita previa al INSS por Internet y Tel\u00e9fono<\/h2>\n\n\n\n<p>El INSS o Seguridad Social est\u00e1 preparado para atender al p\u00fablico desde las 9:00 hasta las 14:00, siempre con cita previa obligatoria. Esta cita puedes solicitarla de dos formas diferentes, por Internet o por tel\u00e9fono. Sea cual sea tu preferencia, te explicaremos las dos opciones para que puedas elegir la que mejor se adapte a ti:<\/p>\n\n\n\n<h3 class=\"wp-block-heading\">\u00bfC\u00f3mo solicitar cita previa al INSS por Internet?<\/h3>\n\n\n\n<p>Puedes solicitar una cita para el INSS a trav\u00e9s de este <a href=\"https:\/\/sede.seg-social.gob.es\/wps\/portal\/sede\/sede\/Ciudadanos\/cita%20previa%20para%20pensiones%20y%20otras%20prestaciones\/13cita%20previa%20para%20pensiones%20y%20otras%20prestaciones\/!ut\/p\/z1\/zVPJbsIwEP0VeuAYeRxnPaYVClBSFGhYckFOYoMROCFxof37Om2lSpUKRVzqgy3P8t7M-BmlaIFSSY9iTZUoJd3p-zJ1VgQ7FvYBj0IY9CBIosfEJzEJTQfNzwWADyj9Sz78soKL-TOUojSXqlIbtGxYwVZ5KRWToiibLrSGLuTipaAFla0lF4p2qpodhT5orTcmG90razpvnVLVtGm9jaL5h7ELmFyZ0hZU5aJASz9zuJm5lpFx4IblEmZQyyaGwyjnPDM5y309gPRcj-DjSwHwFXBmiFNd1lJP2v1GAQi1K7mH6QxMDCFB86NgJ5TIst7rl59e2UcffjKEOLZbhrE3mMQYPPdGhk94e-wBHoI5AifyIPDjaTJ6wgRc60b44SWp6b9g1tFDtNawVG0MIXmJFteqY3G9oDSx2B4OaaCV3or7VaHF_5B6tU-SvUecSf90euab9X4V9Yi9276dgrt3EZelsQ!!\/dz\/d5\/L2dBISEvZ0FBIS9nQSEh\/\">sitio web<\/a>, al pulsar en este enlace se abrir\u00e1 una ventana con el sistema oficial de cita previa, muy similar al siguiente:<\/p>\n\n\n\n<figure class=\"wp-block-gallery has-nested-images columns-default is-cropped wp-block-gallery-1 is-layout-flex wp-block-gallery-is-layout-flex\">\n<figure class=\"wp-block-image size-large\"><img loading=\"lazy\" decoding=\"async\" width=\"731\" height=\"920\" data-id=\"65\" src=\"https:\/\/www.topcita.es\/blog\/wp-content\/uploads\/2021\/08\/cita-previa-prestaciones.jpg\" alt=\"\" class=\"wp-image-65\" srcset=\"https:\/\/www.topcita.es\/blog\/wp-content\/uploads\/2021\/08\/cita-previa-prestaciones.jpg 731w, https:\/\/www.topcita.es\/blog\/wp-content\/uploads\/2021\/08\/cita-previa-prestaciones-238x300.jpg 238w\" sizes=\"auto, (max-width: 731px) 100vw, 731px\" \/><\/figure>\n<figcaption class=\"blocks-gallery-caption\">Cita Previa Prrestaciones Seguridad Social<\/figcaption><\/figure>\n\n\n\n<p>En este punto debes elegir una opci\u00f3n de identificaci\u00f3n:<\/p>\n\n\n\n<ul class=\"wp-block-list\"><li>Certificado electr\u00f3nico.<\/li><li>Clave de usuario y contrase\u00f1a.<\/li><li>Sn certificado, con el env\u00edo de una clave a tu tel\u00e9fono mediante el servicio de SMS.<\/li><\/ul>\n\n\n\n<p>Cada una activar\u00e1 un procedimiento espec\u00edfico para solicitar la cita previa. Solo debes seguir los pasos indicados por la p\u00e1gina y recibir\u00e1s tu cita.<\/p>\n\n\n\n<h3 class=\"wp-block-heading\">\u00bfC\u00f3mo solicitar cita previa al INSS por tel\u00e9fono?<\/h3>\n\n\n\n<p>Para solicitar una cita previa al INSS por tel\u00e9fono solo tienes que realizar una llamada al 915412530&nbsp;o al 901 10 65 70.<\/p>\n\n\n\n<p>Al realizar la llamada ser\u00e1s atendido por un sistema autom\u00e1tico que te recordar\u00e1 que ya no puedes pedir cita previa para ser atendido por tel\u00e9fono y que todas las citas previas son exclusivas para acudir en persona a las oficinas del INSS.<\/p>\n\n\n\n<p>Despu\u00e9s de este mensaje, escuchar\u00e1s las siguientes opciones y deber\u00e1s marcar aquella que se adapte a tus necesidades:<\/p>\n\n\n\n<ul class=\"wp-block-list\"><li>1 para obtenci\u00f3n de Certificado digital o clave permanente.<\/li><li>2 para presentaci\u00f3n de solicitudes de pensiones<\/li><li>3 para presentaci\u00f3n de solicitudes de otras prestaciones (no ingreso m\u00ednimo vital).<\/li><li>4 para presentaci\u00f3n de solicitudes de Ingreso M\u00ednimo Vital.<\/li><\/ul>\n\n\n\n<p>Elige la opci\u00f3n que mejor te convenga y despu\u00e9s de haber introducido tu c\u00f3digo postal y DNI, el sistema te entregar\u00e1 una cita previa con oficina, d\u00eda y hora, sin embargo, ten presente que tambi\u00e9n puede indicarte que no hay citas disponibles a trav\u00e9s del servicio telef\u00f3nico y que la tramites por internet, donde contar\u00e1s con un amplio abanico de d\u00edas para elegir.<\/p>\n\n\n\n<h2 class=\"wp-block-heading\">\u00bfCu\u00e1les son los sistemas alternativos si no obtengo una cita previa presencial al INSS?<\/h2>\n\n\n\n<p>La Seguridad Social se mantiene activa en su servicio de atenci\u00f3n presencial en los diferentes Centros de Atenci\u00f3n e Informaci\u00f3n del Instituto Nacional de la Seguridad Social (INSS), pero, debido a las pol\u00edticas relacionadas con las limitaciones de aforo, el n\u00famero de citas disponibles se ha reducido, por esta raz\u00f3n es que es probable que en algunos momentos y oficinas no encuentres citas disponibles.<\/p>\n\n\n\n<p>Este no es el fin ni tampoco deber\u00e1s ingresar cada d\u00eda a la web para solicitar una cita, si cuentas con un medio de identificaci\u00f3n segura, como DNI electr\u00f3nico, Cl@ve, o certificado digital, podr\u00e1s tramitar desde tu hogar las prestaciones en la sede electr\u00f3nica de la Seguridad Social o desde el Registro electr\u00f3nico.<\/p>\n\n\n\n<p>Si no tienes certificado digital, pero quieres acceder a ayudas especiales, como el Ingreso M\u00ednimo Vital, puedes realizar la solicitud v\u00eda internet.<\/p>\n\n\n\n<p>Si necesitas realizar otras gestiones, como incapacidades, prestaciones o pensiones y no dispones de identificaci\u00f3n segura, debes saber que el INSS ha creado un formulario especial en la red con el cual podr\u00e1s comunicarte con el INSS y enviar escritos, solicitudes, formularios y documentaci\u00f3n. Puedes acceder al mismo en la web de la seguridad social : https:\/\/www.seg-social.es\/wps\/portal\/wss\/internet\/Inicio<\/p>\n\n\n\n<p>Este es un formulario que te permitir\u00e1 tramitar tus prestaciones, como maternidad, paternidad, jubilaci\u00f3n o incapacidades. No puedes utilizarlo para solicitar el Ingreso M\u00ednimo Vital, pues el proceso de tramitaci\u00f3n es diferente.<\/p>\n\n\n\n<h2 class=\"wp-block-heading\">Citas previas para el Ingreso M\u00ednimo Vital<\/h2>\n\n\n\n<p>A pesar de que oficinas de atenci\u00f3n al ciudadano del INSS se encuentran abiertas al p\u00fablico a trav\u00e9s del sistema de cita previa obligatoria, las solicitudes para acceder a esta ayuda deben de realizarse a trav\u00e9s la p\u00e1gina web de la Seguridad Social y podr\u00e1s hacerlo tanto si cuentas con certificado digital como si no.<\/p>\n\n\n\n<p>Aun as\u00ed, si tienes dificultades, puedes solicitar una cita previa para atenci\u00f3n especial. Si necesitas ayuda para obtener informaci\u00f3n o aclarar tus dudas sobre esta ayuda, puedes comunicarte con los gestores a trav\u00e9s del tel\u00e9fono gratuito: 900 20 22 22.<\/p>\n\n\n\n<p>Tambi\u00e9n debes saber que la Seguridad Social ha puesto en marcha un simulador de Ingreso M\u00ednimo Vital al cual podr\u00e1s plantear tus dudas sobre el proceso de reconocimiento y descubrir\u00e1s si tendr\u00e1s o no derecho al mismo. Puedes acceder clicando aqu\u00ed: <a href=\"https:\/\/ingreso-minimo-vital.seg-social-innova.es\/simulador\" target=\"_blank\" rel=\"noreferrer noopener\">https:\/\/ingreso-minimo-vital.seg-social-innova.es\/simulador<\/a><\/p>\n\n\n\n<h2 class=\"wp-block-heading\">Cita Previa Seguriad Social m\u00e1s buscadas<\/h2>\n\n\n<p>Estas son algunas de las Delegaciones de la Seguridad Social &#8211; Inss m\u00e1s buscadas para tr\u00e1mites de altas y bajas, solicitud de prestaciones, jubilaciones y las bajas por enfermedad:<\/p>\n<p><a href=\"https:\/\/www.topcita.es\/badajoz\/merida\/seguridad-social\/\">https:\/\/www.topcita.es\/badajoz\/merida\/seguridad-social\/<\/a><\/p>\n<p><a href=\"https:\/\/www.topcita.es\/madrid\/getafe\/seguridad-social\/\">https:\/\/www.topcita.es\/madrid\/getafe\/seguridad-social\/<\/a><\/p>\n<p><a href=\"https:\/\/www.topcita.es\/lleida\/lleida\/seguridad-social\/\">https:\/\/www.topcita.es\/lleida\/lleida\/seguridad-social\/<\/a><\/p>\n<p><a href=\"https:\/\/www.topcita.es\/barcelona\/barcelona\/seguridad-social\/\">https:\/\/www.topcita.es\/barcelona\/barcelona\/seguridad-social\/<\/a><\/p>\n<p><a href=\"https:\/\/www.topcita.es\/bizkaia\/bilbao\/seguridad-social\/\">https:\/\/www.topcita.es\/bizkaia\/bilbao\/seguridad-social\/<\/a><\/p>\n<p><a href=\"https:\/\/www.topcita.es\/zaragoza\/zaragoza\/seguridad-social\/\">https:\/\/www.topcita.es\/zaragoza\/zaragoza\/seguridad-social\/<\/a><\/p>\n<p><a href=\"https:\/\/www.topcita.es\/navarra\/pamplona\/seguridad-social\/\">https:\/\/www.topcita.es\/navarra\/pamplona\/seguridad-social\/<\/a><\/p>\n<p><a href=\"https:\/\/www.topcita.es\/gipuzkoa\/donostia\/seguridad-social\/\">https:\/\/www.topcita.es\/gipuzkoa\/donostia\/seguridad-social\/<\/a><\/p>\n<p><a href=\"https:\/\/www.topcita.es\/granada\/granada\/seguridad-social\/\">https:\/\/www.topcita.es\/granada\/granada\/seguridad-social\/<\/a><\/p>\n\n\n<h2 class=\"wp-block-heading\">Cita Previa Seguridad Social por Provincias<\/h2>\n\n\n\n<ul class=\"wp-block-list\"><li><a href=\"https:\/\/www.topcita.es\/albacete\/\">Cita Previa SEGURIDAD SOCIAL Albacete<\/a><\/li><li><a href=\"https:\/\/www.topcita.es\/alicante\/\">Cita Previa SEGURIDAD SOCIAL Alicante<\/a><\/li><li><a href=\"https:\/\/www.topcita.es\/almeria\/\">Cita Previa SEGURIDAD SOCIAL Almer\u00eda<\/a><\/li><li><a href=\"https:\/\/www.topcita.es\/araba\/\">Cita Previa SEGURIDAD SOCIAL \u00c1lava<\/a><\/li><li><a href=\"https:\/\/www.topcita.es\/asturias\/\">Cita Previa SEGURIDAD SOCIAL Asturias<\/a><\/li><li><a href=\"https:\/\/www.topcita.es\/avila\/\">Cita Previa SEGURIDAD SOCIAL \u00c1vila<\/a><\/li><li><a href=\"https:\/\/www.topcita.es\/badajoz\/\">Cita Previa SEGURIDAD SOCIAL Badajoz<\/a><\/li><li><a href=\"https:\/\/www.topcita.es\/balears-illes\/\">Cita Previa SEGURIDAD SOCIAL Baleares<\/a><\/li><li><a href=\"https:\/\/www.topcita.es\/bizkaia\/\">Cita Previa SEGURIDAD SOCIAL Bilbao<\/a><\/li><li><a href=\"https:\/\/www.topcita.es\/burgos\/\">Cita Previa SEGURIDAD SOCIALBurgos<\/a><\/li><li><a href=\"https:\/\/www.topcita.es\/caceres\/\">Cita Previa SEGURIDAD SOCIAL C\u00e1ceres<\/a><\/li><li><a href=\"https:\/\/www.topcita.es\/cadiz\/\">Cita Previa SEGURIDAD SOCIAL C\u00e1diz<\/a><\/li><li><a href=\"https:\/\/www.topcita.es\/cantabria\/\">Cita Previa SEGURIDAD SOCIAL Cantabria<\/a><\/li><li><a href=\"https:\/\/www.topcita.es\/castellon\/\">Cita Previa SEGURIDAD SOCIAL Castell\u00f3n<\/a><\/li><li><a href=\"https:\/\/www.topcita.es\/ciudad-real\/\">Cita Previa SEGURIDAD SOCIAL Ciudad Real<\/a><\/li><li><a href=\"https:\/\/www.topcita.es\/cordoba\/\">Cita Previa SEGURIDAD SOCIAL C\u00f3rdoba<\/a><\/li><li><a href=\"https:\/\/www.topcita.es\/coruna-a\/\">Cita Previa SEGURIDAD SOCIAL A Coru\u00f1a<\/a><\/li><li><a href=\"https:\/\/www.topcita.es\/cuenca\/\">Cita Previa SEGURIDAD SOCIAL Cuenca<\/a><\/li><li><a href=\"https:\/\/www.topcita.es\/gipuzkoa\/\">Cita Previa SEGURIDAD SOCIAL Donosti San Sebasti\u00e1n<\/a><\/li><li><a href=\"https:\/\/www.topcita.es\/girona\/\">Cita PreviaSEGURIDAD SOCIAL Girona<\/a><\/li><li><a href=\"https:\/\/www.topcita.es\/granada\/\">Cita Previa SEGURIDAD SOCIAL Granada<\/a><\/li><li><a href=\"https:\/\/www.topcita.es\/guadalajara\/\">Cita Previa SEGURIDAD SOCIAL Guadalajara<\/a><\/li><li><a href=\"https:\/\/www.topcita.es\/huelva\/\">Cita Previa SEGURIDAD SOCIAL Huelva<\/a><\/li><li><a href=\"https:\/\/www.topcita.es\/huesca\/\">Cita Previa SEGURIDAD SOCIAL Huesca<\/a><\/li><li><a href=\"https:\/\/www.topcita.es\/jaen\/\">Cita Previa SEGURIDAD SOCIAL Ja\u00e9n<\/a><\/li><li><a href=\"https:\/\/www.topcita.es\/leon\/\">Cita Previa SEGURIDAD SOCIAL Le\u00f3n<\/a><\/li><li><a href=\"https:\/\/www.topcita.es\/lleida\/\">Cita Previa SEGURIDAD SOCIAL Lleida<\/a><\/li><li><a href=\"https:\/\/www.topcita.es\/lugo\/\">Cita Previa SEGURIDAD SOCIAL Lugo<\/a><\/li><li><a href=\"https:\/\/www.topcita.es\/malaga\/\">Cita Previa SEGURIDAD SOCIAL M\u00e1laga<\/a><\/li><li><a href=\"https:\/\/www.topcita.es\/murcia\/\">Cita Previa SEGURIDAD SOCIAL Murcia<\/a><\/li><li><a href=\"https:\/\/www.topcita.es\/navarra\/\">Cita Previa SEGURIDAD SOCIAL  Pamplona<\/a><\/li><li><a href=\"https:\/\/www.topcita.es\/palmas-las\/\">Cita Previa SEGURIDAD SOCIAL Las Palmas<\/a><\/li><li><a href=\"https:\/\/www.topcita.es\/pontevedra\/\">Cita Previa SEGURIDAD SOCIAL Vigo Pontevedra<\/a><\/li><li><a href=\"https:\/\/www.topcita.es\/rioja-la\/\">Cita Previa SEGURIDAD SOCIAL Logro\u00f1o &#8211; La Rioja<\/a><\/li><li><a href=\"https:\/\/www.topcita.es\/salamanca\/\">Cita Previa SEGURIDAD SOCIAL Salamanca<\/a><\/li><li><a href=\"https:\/\/www.topcita.es\/santa-cruz-de-tenerife\/\">Cita Previa SEGURIDAD SOCIAL Tenerife<\/a><\/li><li><a href=\"https:\/\/www.topcita.es\/tarragona\/\">Cita Previa SEGURIDAD SOCIAL Tarragona<\/a><\/li><li><a href=\"https:\/\/www.topcita.es\/toledo\/\">Cita Previa SEGURIDAD SOCIAL Toledo<\/a><\/li><li><a href=\"https:\/\/www.topcita.es\/valladolid\/\">Cita Previa SEGURIDAD SOCIAL Valladolid<\/a><\/li><\/ul>\n","protected":false},"excerpt":{"rendered":"<p>Solicitar una cita previa para el INSS o Seguridad Social es un tr\u00e1mite que deberemos realizar en alg\u00fan momento de nuestra vida. Hoy en d\u00eda es posible hacerlo por internet o tel\u00e9fono, sin tener que movernos de casa o cumplir con requisitos extras. Solicitud de cita previa al INSS por Internet y Tel\u00e9fono El INSS &#8230; <a title=\"Cita Previa Seguridad Social\" class=\"read-more\" href=\"https:\/\/www.topcita.es\/blog\/cita-previa-seguridad-social\/\" aria-label=\"M\u00e1s en Cita Previa Seguridad Social\">Leer m\u00e1s<\/a><\/p>\n","protected":false},"author":1,"featured_media":0,"parent":0,"menu_order":0,"comment_status":"closed","ping_status":"closed","template":"","meta":{"footnotes":""},"class_list":["post-64","page","type-page","status-publish"],"yoast_head":"<!-- This site is optimized with the Yoast SEO plugin v20.13 - https:\/\/yoast.com\/wordpress\/plugins\/seo\/ -->\n<title>Como Pedir Cita Previa Seguridad Social | Topcita.es<\/title>\n<meta name=\"description\" content=\"Como Pedir Cita Previa en la Seguridad Social Paso a paso. Tel\u00e9fonos para pedir cita previa y accesos online a la web del Ministerio.\" \/>\n<meta name=\"robots\" content=\"index, follow, max-snippet:-1, max-image-preview:large, max-video-preview:-1\" \/>\n<link rel=\"canonical\" href=\"https:\/\/www.topcita.es\/blog\/cita-previa-seguridad-social\/\" \/>\n<meta property=\"og:locale\" content=\"es_ES\" \/>\n<meta property=\"og:type\" content=\"article\" \/>\n<meta property=\"og:title\" content=\"Como Pedir Cita Previa Seguridad Social | Topcita.es\" \/>\n<meta property=\"og:description\" content=\"Como Pedir Cita Previa en la Seguridad Social Paso a paso. Tel\u00e9fonos para pedir cita previa y accesos online a la web del Ministerio.\" \/>\n<meta property=\"og:url\" content=\"https:\/\/www.topcita.es\/blog\/cita-previa-seguridad-social\/\" \/>\n<meta property=\"og:site_name\" content=\"TopCita.es\" \/>\n<meta property=\"article:modified_time\" content=\"2022-06-02T14:43:57+00:00\" \/>\n<meta property=\"og:image\" content=\"https:\/\/www.topcita.es\/blog\/wp-content\/uploads\/2021\/08\/cita-previa-prestaciones.jpg\" \/>\n<meta name=\"twitter:card\" content=\"summary_large_image\" \/>\n<meta name=\"twitter:label1\" content=\"Tiempo de lectura\" \/>\n\t<meta name=\"twitter:data1\" content=\"5 minutos\" \/>\n<script type=\"application\/ld+json\" class=\"yoast-schema-graph\">{\"@context\":\"https:\/\/schema.org\",\"@graph\":[{\"@type\":\"WebPage\",\"@id\":\"https:\/\/www.topcita.es\/blog\/cita-previa-seguridad-social\/\",\"url\":\"https:\/\/www.topcita.es\/blog\/cita-previa-seguridad-social\/\",\"name\":\"Como Pedir Cita Previa Seguridad Social | Topcita.es\",\"isPartOf\":{\"@id\":\"https:\/\/www.topcita.es\/blog\/#website\"},\"datePublished\":\"2021-08-04T12:45:08+00:00\",\"dateModified\":\"2022-06-02T14:43:57+00:00\",\"description\":\"Como Pedir Cita Previa en la Seguridad Social Paso a paso. Tel\u00e9fonos para pedir cita previa y accesos online a la web del Ministerio.\",\"breadcrumb\":{\"@id\":\"https:\/\/www.topcita.es\/blog\/cita-previa-seguridad-social\/#breadcrumb\"},\"inLanguage\":\"es\",\"potentialAction\":[{\"@type\":\"ReadAction\",\"target\":[\"https:\/\/www.topcita.es\/blog\/cita-previa-seguridad-social\/\"]}]},{\"@type\":\"BreadcrumbList\",\"@id\":\"https:\/\/www.topcita.es\/blog\/cita-previa-seguridad-social\/#breadcrumb\",\"itemListElement\":[{\"@type\":\"ListItem\",\"position\":1,\"name\":\"Portada\",\"item\":\"https:\/\/www.topcita.es\/blog\/\"},{\"@type\":\"ListItem\",\"position\":2,\"name\":\"Cita Previa Seguridad Social\"}]},{\"@type\":\"WebSite\",\"@id\":\"https:\/\/www.topcita.es\/blog\/#website\",\"url\":\"https:\/\/www.topcita.es\/blog\/\",\"name\":\"TopCita.es\",\"description\":\"El mejor portal para pedir citas con la administraci\u00f3n\",\"potentialAction\":[{\"@type\":\"SearchAction\",\"target\":{\"@type\":\"EntryPoint\",\"urlTemplate\":\"https:\/\/www.topcita.es\/blog\/?s={search_term_string}\"},\"query-input\":\"required name=search_term_string\"}],\"inLanguage\":\"es\"}]}<\/script>\n<!-- \/ Yoast SEO plugin. -->","yoast_head_json":{"title":"Como Pedir Cita Previa Seguridad Social | Topcita.es","description":"Como Pedir Cita Previa en la Seguridad Social Paso a paso. Tel\u00e9fonos para pedir cita previa y accesos online a la web del Ministerio.","robots":{"index":"index","follow":"follow","max-snippet":"max-snippet:-1","max-image-preview":"max-image-preview:large","max-video-preview":"max-video-preview:-1"},"canonical":"https:\/\/www.topcita.es\/blog\/cita-previa-seguridad-social\/","og_locale":"es_ES","og_type":"article","og_title":"Como Pedir Cita Previa Seguridad Social | Topcita.es","og_description":"Como Pedir Cita Previa en la Seguridad Social Paso a paso. Tel\u00e9fonos para pedir cita previa y accesos online a la web del Ministerio.","og_url":"https:\/\/www.topcita.es\/blog\/cita-previa-seguridad-social\/","og_site_name":"TopCita.es","article_modified_time":"2022-06-02T14:43:57+00:00","og_image":[{"url":"https:\/\/www.topcita.es\/blog\/wp-content\/uploads\/2021\/08\/cita-previa-prestaciones.jpg"}],"twitter_card":"summary_large_image","twitter_misc":{"Tiempo de lectura":"5 minutos"},"schema":{"@context":"https:\/\/schema.org","@graph":[{"@type":"WebPage","@id":"https:\/\/www.topcita.es\/blog\/cita-previa-seguridad-social\/","url":"https:\/\/www.topcita.es\/blog\/cita-previa-seguridad-social\/","name":"Como Pedir Cita Previa Seguridad Social | Topcita.es","isPartOf":{"@id":"https:\/\/www.topcita.es\/blog\/#website"},"datePublished":"2021-08-04T12:45:08+00:00","dateModified":"2022-06-02T14:43:57+00:00","description":"Como Pedir Cita Previa en la Seguridad Social Paso a paso. Tel\u00e9fonos para pedir cita previa y accesos online a la web del Ministerio.","breadcrumb":{"@id":"https:\/\/www.topcita.es\/blog\/cita-previa-seguridad-social\/#breadcrumb"},"inLanguage":"es","potentialAction":[{"@type":"ReadAction","target":["https:\/\/www.topcita.es\/blog\/cita-previa-seguridad-social\/"]}]},{"@type":"BreadcrumbList","@id":"https:\/\/www.topcita.es\/blog\/cita-previa-seguridad-social\/#breadcrumb","itemListElement":[{"@type":"ListItem","position":1,"name":"Portada","item":"https:\/\/www.topcita.es\/blog\/"},{"@type":"ListItem","position":2,"name":"Cita Previa Seguridad Social"}]},{"@type":"WebSite","@id":"https:\/\/www.topcita.es\/blog\/#website","url":"https:\/\/www.topcita.es\/blog\/","name":"TopCita.es","description":"El mejor portal para pedir citas con la administraci\u00f3n","potentialAction":[{"@type":"SearchAction","target":{"@type":"EntryPoint","urlTemplate":"https:\/\/www.topcita.es\/blog\/?s={search_term_string}"},"query-input":"required name=search_term_string"}],"inLanguage":"es"}]}},"_links":{"self":[{"href":"https:\/\/www.topcita.es\/blog\/wp-json\/wp\/v2\/pages\/64","targetHints":{"allow":["GET"]}}],"collection":[{"href":"https:\/\/www.topcita.es\/blog\/wp-json\/wp\/v2\/pages"}],"about":[{"href":"https:\/\/www.topcita.es\/blog\/wp-json\/wp\/v2\/types\/page"}],"author":[{"embeddable":true,"href":"https:\/\/www.topcita.es\/blog\/wp-json\/wp\/v2\/users\/1"}],"replies":[{"embeddable":true,"href":"https:\/\/www.topcita.es\/blog\/wp-json\/wp\/v2\/comments?post=64"}],"version-history":[{"count":5,"href":"https:\/\/www.topcita.es\/blog\/wp-json\/wp\/v2\/pages\/64\/revisions"}],"predecessor-version":[{"id":177,"href":"https:\/\/www.topcita.es\/blog\/wp-json\/wp\/v2\/pages\/64\/revisions\/177"}],"wp:attachment":[{"href":"https:\/\/www.topcita.es\/blog\/wp-json\/wp\/v2\/media?parent=64"}],"curies":[{"name":"wp","href":"https:\/\/api.w.org\/{rel}","templated":true}]}}