{"id":79,"date":"2021-08-11T18:58:15","date_gmt":"2021-08-11T18:58:15","guid":{"rendered":"https:\/\/www.topcita.es\/blog\/?page_id=79"},"modified":"2021-12-17T12:16:23","modified_gmt":"2021-12-17T12:16:23","slug":"cita-previa-dgt","status":"publish","type":"page","link":"https:\/\/www.topcita.es\/blog\/cita-previa-dgt\/","title":{"rendered":"Cita Previa DGT"},"content":{"rendered":"\n<p>Todos en alg\u00fan momento debemos realizar alg\u00fan tr\u00e1mite en las oficinas de la Direcci\u00f3n General de Tr\u00e1fico, pero no sabemos el protocolo a seguir, si debemos llamar o realizar alguna solicitud de cita para ser atendido. Por suerte, hoy te explicaremos c\u00f3mo puedes solicitar y gestionar tu <a href=\"https:\/\/www.topcita.es\/barcelona\/barcelona\/dgt\/citaprevia\/\">cita con la DGT<\/a>, pues para ser atendido siempre debes contar con una cita previa.<\/p>\n\n\n\n<figure class=\"wp-block-gallery columns-1 is-cropped wp-block-gallery-1 is-layout-flex wp-block-gallery-is-layout-flex\"><ul class=\"blocks-gallery-grid\"><li class=\"blocks-gallery-item\"><figure><img loading=\"lazy\" decoding=\"async\" width=\"804\" height=\"289\" src=\"https:\/\/www.topcita.es\/blog\/wp-content\/uploads\/2021\/08\/cita-previa-dgt.jpg\" alt=\"Cita Previa DGT\" data-id=\"82\" data-full-url=\"https:\/\/www.topcita.es\/blog\/wp-content\/uploads\/2021\/08\/cita-previa-dgt.jpg\" data-link=\"https:\/\/www.topcita.es\/blog\/?attachment_id=82#main\" class=\"wp-image-82\" srcset=\"https:\/\/www.topcita.es\/blog\/wp-content\/uploads\/2021\/08\/cita-previa-dgt.jpg 804w, https:\/\/www.topcita.es\/blog\/wp-content\/uploads\/2021\/08\/cita-previa-dgt-300x108.jpg 300w, https:\/\/www.topcita.es\/blog\/wp-content\/uploads\/2021\/08\/cita-previa-dgt-768x276.jpg 768w\" sizes=\"auto, (max-width: 804px) 100vw, 804px\" \/><\/figure><\/li><\/ul><\/figure>\n\n\n\n<h2 class=\"wp-block-heading\">\u00bfQu\u00e9 es la DGT?<\/h2>\n\n\n\n<p>DGT son las siglas que corresponden a la Direcci\u00f3n General de Tr\u00e1fico. Es un Organismo Aut\u00f3nomo adscrito al Ministerio de Interior cuya finalidad es mejorar el comportamiento y la formaci\u00f3n de los conductores de la red viaria estatal, gestionar los tr\u00e1mites administrativos relacionados con la movilidad y circulaci\u00f3n de los veh\u00edculos y mejorar la seguridad y fluidez del tr\u00e1nsito.<\/p>\n\n\n\n<p>Si alguna de tus gestiones se relaciona con estos temas, debes saber que ser\u00e1s atendido en las Jefaturas de la DGT  Algunos tr\u00e1mites requieren una cita previa, otros pueden ser gestionados a trav\u00e9s de su Sede Electr\u00f3nica (no necesitar\u00e1s desplazarte hasta la oficina) y algunos no requerir\u00e1n de la solicitud de una cita previa.<\/p>\n\n\n\n<h2 class=\"wp-block-heading\">\u00bfQu\u00e9 tr\u00e1mites NO necesitan de una cita previa con la DGT?<\/h2>\n\n\n\n<p>Existen tr\u00e1mites para los que no requieres una <a href=\"https:\/\/www.multas.nom.es\/trafico\/\">cita previa en la DGT<\/a> y por los cuales puedes ser atendido en la oficina en el momento en el cual te apersones a ellas. Solo tienes que dirigirte las oficinas, sacar un numero de atenci\u00f3n y te ser\u00e1 asignada una ventanilla.<\/p>\n\n\n\n<p>Los tr\u00e1mites que puedes realizar en la oficina sin contar con cita previa son:<\/p>\n\n\n\n<ul class=\"wp-block-list\"><li>Quejas o sugerencias.<\/li><li>Presentaci\u00f3n de escritos de alegaciones o recursos.<\/li><li>Compulsar documentos emitidos por la DGT.<\/li><li>Gesti\u00f3n de incidencias en la tramitaci\u00f3n a ciudadanos.<\/li><li>Pago de una multa o multas.<\/li><\/ul>\n\n\n\n<h2 class=\"wp-block-heading\">\u00bfQu\u00e9 gestiones requieren una Cita Previa en las oficinas de la DGT?<\/h2>\n\n\n\n<p>Cualquier tr\u00e1mite que no sea uno de los mencionados anteriormente necesitar\u00e1 de la gesti\u00f3n de una cita previa con la oficina de la DGT. Ten esto presente si planeas realizar:<\/p>\n\n\n\n<ul class=\"wp-block-list\"><li>Expedici\u00f3n y prorrogas para la validez de los permisos y licencias de conducci\u00f3n.<\/li><li>Matriculaci\u00f3n.<\/li><li>Certificados e informe de titularidad y antecedentes de veh\u00edculos. Es posible gestionar este tr\u00e1mite en la Sede Electr\u00f3nica.<\/li><li>Obtener duplicados de los permisos y licencias de conducci\u00f3n por robo, p\u00e9rdida o deterioro. Puedes gestionar este tr\u00e1mite a trav\u00e9s de una llamada telef\u00f3nica.<\/li><li>Modificaci\u00f3n de tus permisos por cambios de domicilio. Este tr\u00e1mite puede ser realizado a trav\u00e9s de una llamada telef\u00f3nica, en un Ayuntamiento o en la Sede Electr\u00f3nica de Tr\u00e1fico.<\/li><li>Recepci\u00f3n de documentaci\u00f3n de expedientes sancionadores tramitados por cualquier Jefatura de Tr\u00e1fico.<\/li><li>Presentaci\u00f3n de pruebas te\u00f3ricas para conseguir la autorizaci\u00f3n en la conducci\u00f3n de veh\u00edculos de transporte de mercader\u00edas peligrosas.<\/li><li>Cambio de domicilio en el permiso de conducci\u00f3n. Este tr\u00e1mite este tr\u00e1mite tambi\u00e9n puedes realizarlo a trav\u00e9s de una llamada telef\u00f3nica.<\/li><li>Transferencia de un veh\u00edculo; cambio de titular.<\/li><li>Tr\u00e1mites en los permisos de circulaci\u00f3n.<\/li><li>Certificados e informes sobre antecedentes en el Registro de Conductores e Infractores.<\/li><li>Tr\u00e1mites para veh\u00edculos a motor, remolques, semi-remolques y ciclomotores.<\/li><li>Tramitaci\u00f3n de una baja temporal o definitiva de un veh\u00edculo o en casos de tr\u00e1nsito o exportaci\u00f3n.<\/li><li>Adaptaci\u00f3n y homologaci\u00f3n de permisos de conducci\u00f3n expedidos en pa\u00edses que pertenecen a la Uni\u00f3n Europea u otros estados con convenio bilateral con Espa\u00f1a, permisos militares o policiales.<\/li><li>Tr\u00e1mites en procesos sancionadores.<\/li><li>Presentaci\u00f3n de pruebas pr\u00e1cticas y te\u00f3ricas para conseguir los permisos y licencias de conducci\u00f3n.<\/li><li>Duplicados del permiso de circulaci\u00f3n; robo, perdida, deteriorado, etc.<\/li><li>El cobro de sanciones de tr\u00e1fico.<\/li><li>Obtenci\u00f3n del permiso temporal de circulaci\u00f3n.<\/li><li>Registro y autorizaci\u00f3n de Centros Manipuladores y Expendedores de placas y matr\u00edculas.<\/li><\/ul>\n\n\n\n<h2 class=\"wp-block-heading\">\u00bfC\u00f3mo pedir cita previa con las oficinas de la DGT?<\/h2>\n\n\n\n<p>Existen diferentes canales habilitados que te permitir\u00e1n gestionar tu Cita Previa en la DGT:<\/p>\n\n\n\n<p><strong>De manera presencial en las oficinas de la DGT:<\/strong> si prefieres gestionar tus citas de manera presencial, solo tienes que acercarte a las oficinas de la DGT y en un punto de informaci\u00f3n solicitar tu cita previa.<\/p>\n\n\n\n<p><strong>A trav\u00e9s de internet:<\/strong> solo tienes que ingresar a la <a href=\"https:\/\/sedeapl.dgt.gob.es:7443\/WEB_NCIT_CONSULTA\/solicitarCita.faces\">Sede Electr\u00f3nica de la DGT<\/a> y solicitar tu cita.<\/p>\n\n\n\n<p><strong>Por tel\u00e9fono:<\/strong> si prefieres gestionar tus citas a distancia, pero no te sientes c\u00f3modo con la Sede Electr\u00f3nica, puedes gestionar tu cita llamando al 060.<\/p>\n\n\n\n<p>Antes de pedir tu cita debes tener muy en claro la oficina a la cual deseas acudir, por lo general, debe ser una cercana a tu domicilio y el tr\u00e1mite por el cual deseas ser atendido. Ten presente que solo puedes gestionar dos citas previas para la misma fecha.<\/p>\n\n\n\n<h2 class=\"wp-block-heading\">\u00bfC\u00f3mo pedir tu cita previa con la DGT por tel\u00e9fono?<\/h2>\n\n\n\n<p>El tel\u00e9fono es uno de los canales habilitados para pedir y gestionar tu cita previa con la DGT. Para hacerlo solo tienes que llamar al 060. Al llamar te dar\u00e1n diferentes opciones de d\u00edas y horas disponibles en la oficina de la DGT m\u00e1s cercana.<\/p>\n\n\n\n<p>Puedes llamar en cualquier momento, pues es una l\u00ednea abierta durante las 24 horas del d\u00eda. Sin embargo, si deseas ser atendido por un agente solo tienes que llamar dentro de este horario: desde las 9:00 hasta las 18:00 horas de lunes a viernes de forma ininterrumpida siempre que no sean d\u00edas festivos.<\/p>\n\n\n\n<p>Si te encuentras fuera de Espa\u00f1a puedes llamar al siguiente n\u00famero de tel\u00e9fono +34902887060.<\/p>\n\n\n\n<p>En la llamada por tel\u00e9fono ser\u00e1s atendido por un agente o una operadora, para gestionar tu cita solo tendr\u00e1s que seguir estos pasos:<\/p>\n\n\n\n<ol class=\"wp-block-list\" type=\"1\"><li>Selecciona la oficina en la cual deseas ser atendido.<\/li><li>Elige el tipo de tr\u00e1mite, existen 4 categor\u00edas:<\/li><li><strong>Tr\u00e1mites de oficina:<\/strong> en esta categor\u00eda existen muchos tr\u00e1mites como transferencias, matriculaci\u00f3n, bajas de un veh\u00edculo, duplicados o renovaci\u00f3n de los permisos.<\/li><li><strong>Renovaci\u00f3n de permisos de conducci\u00f3n:<\/strong> solo son v\u00e1lidos para los pa\u00edses de la Uni\u00f3n Europea o Espacio Econ\u00f3mico Europeo.<\/li><li><strong>Homologaci\u00f3n y cambio de permisos de conducci\u00f3n:<\/strong> disponibles para pa\u00edses fuera de la UE para obtener permisos en Espa\u00f1a.<\/li><li><strong>Homologaci\u00f3n y cambio de permisos de conducci\u00f3n:<\/strong> disponible para pa\u00edses de la Uni\u00f3n Europea para obtener un permiso de Espa\u00f1a. Este es un cambio voluntario, porque si tu permiso tiene validez, puedes utilizarlo en Espa\u00f1a.<\/li><li>Posteriormente solicitar\u00e1n los datos del titular o interesado en el tr\u00e1mite, es decir, tus datos personales, como la matr\u00edcula del veh\u00edculo y el tel\u00e9fono de contacto.<\/li><li>Despu\u00e9s solo tendr\u00e1s que seleccionar el d\u00eda y la hora entre los que te ofrezcan. Recuerda que esto siempre depender\u00e1 de la disponibilidad de la oficina seleccionada.<\/li><li>Recuerda que, antes de acudir a la oficina el d\u00eda de tu cita, debes llevar tu documento de identidad (NIE, DNI, Permiso de residencia o Pasaporte).<\/li><\/ol>\n\n\n\n<h2 class=\"wp-block-heading\">\u00bfC\u00f3mo pedir tu cita previa con la DGT por internet?<\/h2>\n\n\n\n<p>Si lo deseas, puedes programar tu cita previa en la Sede Electr\u00f3nica de la DGT. Al ingresar tendr\u00e1s la opci\u00f3n de acceder a una \u00abCita de Solicitud General\u00bb o bien a los \u00abCanjes para permisos no comunitarios\u00bb. Para la mayor\u00eda de los tr\u00e1mites basta con acceder a \u00abCita de Solicitud general\u00bb, una vez en esta opci\u00f3n debes seguir los mismos pasos que con la gesti\u00f3n telef\u00f3nica:<\/p>\n\n\n\n<ol class=\"wp-block-list\" type=\"1\"><li>Selecciona la oficina en la que deseas ser atendido. La p\u00e1gina volver\u00e1 a cargar.<\/li><li>Elige el tipo de tr\u00e1mite disponible en esa oficina. Estar\u00e1n clasificados en 3 categor\u00edas:<\/li><li><strong>Tr\u00e1mites de oficina:<\/strong> puedes solicitar matriculaci\u00f3n, renovaciones, duplicaciones de permisos y transferencias o bajas de un veh\u00edculo.<\/li><li><strong>Renovaci\u00f3n de permisos de conducci\u00f3n:<\/strong> para pa\u00edses de la UE o Espacio Econ\u00f3mico Europeo.<\/li><li><strong>Homologaci\u00f3n y cambio de permisos de conducci\u00f3n por un permiso de Espa\u00f1a:<\/strong> para pa\u00edses de la UE y fuera de la UE y EEE. Es un tr\u00e1mite voluntario si tu permiso a\u00fan es v\u00e1lido para circular en Espa\u00f1a. En este caso debes seleccionar tu pa\u00eds.<\/li><li>Una vez seleccionada una de estas opciones, debes clicar en \u00abContinuar\u00bb.<\/li><li>En la nueva p\u00e1gina te solicitar\u00e1n m\u00e1s detalles sobre el tr\u00e1mite que deseas llevar a cabo. Selecciona la opci\u00f3n que mejor se ajusta a tus necesidades y clica en \u00abContinuar\u00bb.<\/li><li>En la siguiente p\u00e1gina deber\u00e1s introducir tus datos personales o los del titular o interesado en realizar el tr\u00e1mite. Estos incluyen tel\u00e9fono de contacto, matricula del veh\u00edculo y datos personales. Al terminar debes clicar en \u00abSolicitar\u00bb.<\/li><li>Ahora te mostrar\u00e1n las fechas y horas disponibles para la oficina elegida. Selecciona la que mejor te convenga y clica en \u00abContinuar\u00bb:<\/li><li>Se abrir\u00e1 una p\u00e1gina final que te mostrar\u00e1 un resumen de su selecci\u00f3n, clica en \u00abConfirmar\u00bb si est\u00e1s de acuerdo con todos los datos. De esta forma lograr\u00e1s confirmar tu cita.<\/li><li>Guarda el comprobante de la cita que has gestionado si as\u00ed lo deseas. Este documento contar\u00e1 con la fecha, la hora, tus datos, oficina y tr\u00e1mite a realizar.<\/li><\/ol>\n\n\n\n<h2 class=\"wp-block-heading\">Sacar Cita Previa DGT  en Provincias <\/h2>\n\n\n\n<ul class=\"wp-block-list\"><li><a href=\"https:\/\/www.topcita.es\/girona\/girona\/dgt\/citaprevia\/\">Cita Previa DGT Girona<\/a><\/li><li><a href=\"https:\/\/www.topcita.es\/valencia\/valencia\/dgt\/citaprevia\/\">Cita Preia DGT Valencia<\/a><\/li><li><a href=\"https:\/\/www.topcita.es\/barcelona\/barcelona\/dgt\/citaprevia\/\">Cita Previa DGT Barcelona<\/a><\/li><li><a href=\"https:\/\/www.topcita.es\/gipuzkoa\/donostia\/dgt\/citaprevia\/\">Cita Previa Donostia San Sebasti\u00e1n<\/a><\/li><li><a href=\"https:\/\/www.topcita.es\/tarragona\/tarragona\/dgt\/citaprevia\/\">Cita Previa DGT Tarragona<\/a><\/li><li><a href=\"https:\/\/www.topcita.es\/navarra\/pamplona\/dgt\/citaprevia\/\" target=\"_blank\" rel=\"noreferrer noopener\">Cita Previa DGT Pamplona<\/a> <\/li><\/ul>\n\n\n\n<ul class=\"wp-block-list\"><li><a href=\"https:\/\/www.topcita.es\/albacete\/\">Cita Previa DGT Albacete<\/a><\/li><li><a href=\"https:\/\/www.topcita.es\/alicante\/\">Cita Previa DGT Alicante<\/a><\/li><li><a href=\"https:\/\/www.topcita.es\/almeria\/\">Cita Previa DGT Almer\u00eda<\/a><\/li><li><a href=\"https:\/\/www.topcita.es\/araba\/\">Cita Previa DGT \u00c1lava<\/a><\/li><li><a href=\"https:\/\/www.topcita.es\/asturias\/\">Cita Previa DGT Asturias<\/a><\/li><li><a href=\"https:\/\/www.topcita.es\/avila\/\">Cita Previa DGT \u00c1vila<\/a><\/li><li><a href=\"https:\/\/www.topcita.es\/badajoz\/\">Cita Previa DGT Badajoz<\/a><\/li><li><a href=\"https:\/\/www.topcita.es\/balears-illes\/\">Cita Previa DGT Baleares<\/a><\/li><li><a href=\"https:\/\/www.topcita.es\/bizkaia\/\">Cita Previa DGT Bilbao<\/a><\/li><li><a href=\"https:\/\/www.topcita.es\/burgos\/\">Cita Previa DGTBurgos<\/a><\/li><li><a href=\"https:\/\/www.topcita.es\/caceres\/\">Cita Previa DGT C\u00e1ceres<\/a><\/li><li><a href=\"https:\/\/www.topcita.es\/cadiz\/\">Cita Previa DGT C\u00e1diz<\/a><\/li><li><a href=\"https:\/\/www.topcita.es\/cantabria\/\">Cita Previa DGT Cantabria<\/a><\/li><li><a href=\"https:\/\/www.topcita.es\/castellon\/\">Cita Previa DGT Castell\u00f3n<\/a><\/li><li><a href=\"https:\/\/www.topcita.es\/ciudad-real\/\">Cita Previa DGT Ciudad Real<\/a><\/li><li><a href=\"https:\/\/www.topcita.es\/cordoba\/\">Cita Previa DGT C\u00f3rdoba<\/a><\/li><li><a href=\"https:\/\/www.topcita.es\/coruna-a\/\">Cita Previa DGT A Coru\u00f1a<\/a><\/li><li><a href=\"https:\/\/www.topcita.es\/cuenca\/\">Cita Previa DGT Cuenca<\/a><\/li><li><a href=\"https:\/\/www.topcita.es\/gipuzkoa\/\">Cita Previa DGT Donosti San Sebasti\u00e1n<\/a><\/li><li><a href=\"https:\/\/www.topcita.es\/girona\/\">Cita PreviaDGT Girona<\/a><\/li><li><a href=\"https:\/\/www.topcita.es\/granada\/\">Cita Previa DGT Granada<\/a><\/li><li><a href=\"https:\/\/www.topcita.es\/guadalajara\/\">Cita Previa DGT Guadalajara<\/a><\/li><li><a href=\"https:\/\/www.topcita.es\/huelva\/\">Cita Previa DGT Huelva<\/a><\/li><li><a href=\"https:\/\/www.topcita.es\/huesca\/\">Cita Previa DGT Huesca<\/a><\/li><li><a href=\"https:\/\/www.topcita.es\/jaen\/\">Cita Previa DGT Ja\u00e9n<\/a><\/li><li><a href=\"https:\/\/www.topcita.es\/leon\/\">Cita Previa DGT Le\u00f3n<\/a><\/li><li><a href=\"https:\/\/www.topcita.es\/lleida\/\">Cita Previa DGT Lleida<\/a><\/li><li><a href=\"https:\/\/www.topcita.es\/lugo\/\">Cita Previa DGT Lugo<\/a><\/li><li><a href=\"https:\/\/www.topcita.es\/malaga\/\">Cita Previa DGT M\u00e1laga<\/a><\/li><li><a href=\"https:\/\/www.topcita.es\/murcia\/\">Cita Previa DGT Murcia<\/a><\/li><li><a href=\"https:\/\/www.topcita.es\/navarra\/\">Cita Previa DGT  Pamplona<\/a><\/li><li><a href=\"https:\/\/www.topcita.es\/palmas-las\/\">Cita Previa DGT Las Palmas<\/a><\/li><li><a href=\"https:\/\/www.topcita.es\/pontevedra\/\">Cita Previa DGT Vigo Pontevedra<\/a><\/li><li><a href=\"https:\/\/www.topcita.es\/rioja-la\/\">Cita Previa DGT Logro\u00f1o &#8211; La Rioja<\/a><\/li><li><a href=\"https:\/\/www.topcita.es\/salamanca\/\">Cita Previa DGT Salamanca<\/a><\/li><li><a href=\"https:\/\/www.topcita.es\/santa-cruz-de-tenerife\/\">Cita Previa DGT Tenerife<\/a><\/li><li><a href=\"https:\/\/www.topcita.es\/tarragona\/\">Cita Previa DGT Tarragona<\/a><\/li><li><a href=\"https:\/\/www.topcita.es\/toledo\/\">Cita Previa DGT Toledo<\/a><\/li><li><a href=\"https:\/\/www.topcita.es\/valladolid\/\">Cita Previa DGT Valladolid<\/a><\/li><\/ul>\n","protected":false},"excerpt":{"rendered":"<p>Todos en alg\u00fan momento debemos realizar alg\u00fan tr\u00e1mite en las oficinas de la Direcci\u00f3n General de Tr\u00e1fico, pero no sabemos el protocolo a seguir, si debemos llamar o realizar alguna solicitud de cita para ser atendido. Por suerte, hoy te explicaremos c\u00f3mo puedes solicitar y gestionar tu cita con la DGT, pues para ser atendido &#8230; <a title=\"Cita Previa DGT\" class=\"read-more\" href=\"https:\/\/www.topcita.es\/blog\/cita-previa-dgt\/\" aria-label=\"M\u00e1s en Cita Previa DGT\">Leer m\u00e1s<\/a><\/p>\n","protected":false},"author":1,"featured_media":0,"parent":0,"menu_order":0,"comment_status":"closed","ping_status":"closed","template":"","meta":{"footnotes":""},"class_list":["post-79","page","type-page","status-publish"],"yoast_head":"<!-- This site is optimized with the Yoast SEO plugin v20.13 - https:\/\/yoast.com\/wordpress\/plugins\/seo\/ -->\n<title>Pedir Cita Previa DGT Carnet Conducir | Topcita.es<\/title>\n<meta name=\"description\" content=\"Como Pedir Cita Previa en la DGT - Direcci\u00f3n General de Tr\u00e1fico. Tel\u00e9fono gratis y acceso online para renovar carnet, cambio de titular el coche etc.\" \/>\n<meta name=\"robots\" content=\"index, follow, max-snippet:-1, max-image-preview:large, max-video-preview:-1\" \/>\n<link rel=\"canonical\" href=\"https:\/\/www.topcita.es\/blog\/cita-previa-dgt\/\" \/>\n<meta property=\"og:locale\" content=\"es_ES\" \/>\n<meta property=\"og:type\" content=\"article\" \/>\n<meta property=\"og:title\" content=\"Pedir Cita Previa DGT Carnet Conducir | Topcita.es\" \/>\n<meta property=\"og:description\" content=\"Como Pedir Cita Previa en la DGT - Direcci\u00f3n General de Tr\u00e1fico. Tel\u00e9fono gratis y acceso online para renovar carnet, cambio de titular el coche etc.\" \/>\n<meta property=\"og:url\" content=\"https:\/\/www.topcita.es\/blog\/cita-previa-dgt\/\" \/>\n<meta property=\"og:site_name\" content=\"TopCita.es\" \/>\n<meta property=\"article:modified_time\" content=\"2021-12-17T12:16:23+00:00\" \/>\n<meta property=\"og:image\" content=\"https:\/\/www.topcita.es\/blog\/wp-content\/uploads\/2021\/08\/cita-previa-dgt.jpg\" \/>\n<meta name=\"twitter:card\" content=\"summary_large_image\" \/>\n<meta name=\"twitter:label1\" content=\"Tiempo de lectura\" \/>\n\t<meta name=\"twitter:data1\" content=\"8 minutos\" \/>\n<script type=\"application\/ld+json\" class=\"yoast-schema-graph\">{\"@context\":\"https:\/\/schema.org\",\"@graph\":[{\"@type\":\"WebPage\",\"@id\":\"https:\/\/www.topcita.es\/blog\/cita-previa-dgt\/\",\"url\":\"https:\/\/www.topcita.es\/blog\/cita-previa-dgt\/\",\"name\":\"Pedir Cita Previa DGT Carnet Conducir | Topcita.es\",\"isPartOf\":{\"@id\":\"https:\/\/www.topcita.es\/blog\/#website\"},\"datePublished\":\"2021-08-11T18:58:15+00:00\",\"dateModified\":\"2021-12-17T12:16:23+00:00\",\"description\":\"Como Pedir Cita Previa en la DGT - Direcci\u00f3n General de Tr\u00e1fico. Tel\u00e9fono gratis y acceso online para renovar carnet, cambio de titular el coche etc.\",\"breadcrumb\":{\"@id\":\"https:\/\/www.topcita.es\/blog\/cita-previa-dgt\/#breadcrumb\"},\"inLanguage\":\"es\",\"potentialAction\":[{\"@type\":\"ReadAction\",\"target\":[\"https:\/\/www.topcita.es\/blog\/cita-previa-dgt\/\"]}]},{\"@type\":\"BreadcrumbList\",\"@id\":\"https:\/\/www.topcita.es\/blog\/cita-previa-dgt\/#breadcrumb\",\"itemListElement\":[{\"@type\":\"ListItem\",\"position\":1,\"name\":\"Portada\",\"item\":\"https:\/\/www.topcita.es\/blog\/\"},{\"@type\":\"ListItem\",\"position\":2,\"name\":\"Cita Previa DGT\"}]},{\"@type\":\"WebSite\",\"@id\":\"https:\/\/www.topcita.es\/blog\/#website\",\"url\":\"https:\/\/www.topcita.es\/blog\/\",\"name\":\"TopCita.es\",\"description\":\"El mejor portal para pedir citas con la administraci\u00f3n\",\"potentialAction\":[{\"@type\":\"SearchAction\",\"target\":{\"@type\":\"EntryPoint\",\"urlTemplate\":\"https:\/\/www.topcita.es\/blog\/?s={search_term_string}\"},\"query-input\":\"required name=search_term_string\"}],\"inLanguage\":\"es\"}]}<\/script>\n<!-- \/ Yoast SEO plugin. -->","yoast_head_json":{"title":"Pedir Cita Previa DGT Carnet Conducir | Topcita.es","description":"Como Pedir Cita Previa en la DGT - Direcci\u00f3n General de Tr\u00e1fico. Tel\u00e9fono gratis y acceso online para renovar carnet, cambio de titular el coche etc.","robots":{"index":"index","follow":"follow","max-snippet":"max-snippet:-1","max-image-preview":"max-image-preview:large","max-video-preview":"max-video-preview:-1"},"canonical":"https:\/\/www.topcita.es\/blog\/cita-previa-dgt\/","og_locale":"es_ES","og_type":"article","og_title":"Pedir Cita Previa DGT Carnet Conducir | Topcita.es","og_description":"Como Pedir Cita Previa en la DGT - Direcci\u00f3n General de Tr\u00e1fico. Tel\u00e9fono gratis y acceso online para renovar carnet, cambio de titular el coche etc.","og_url":"https:\/\/www.topcita.es\/blog\/cita-previa-dgt\/","og_site_name":"TopCita.es","article_modified_time":"2021-12-17T12:16:23+00:00","og_image":[{"url":"https:\/\/www.topcita.es\/blog\/wp-content\/uploads\/2021\/08\/cita-previa-dgt.jpg"}],"twitter_card":"summary_large_image","twitter_misc":{"Tiempo de lectura":"8 minutos"},"schema":{"@context":"https:\/\/schema.org","@graph":[{"@type":"WebPage","@id":"https:\/\/www.topcita.es\/blog\/cita-previa-dgt\/","url":"https:\/\/www.topcita.es\/blog\/cita-previa-dgt\/","name":"Pedir Cita Previa DGT Carnet Conducir | Topcita.es","isPartOf":{"@id":"https:\/\/www.topcita.es\/blog\/#website"},"datePublished":"2021-08-11T18:58:15+00:00","dateModified":"2021-12-17T12:16:23+00:00","description":"Como Pedir Cita Previa en la DGT - Direcci\u00f3n General de Tr\u00e1fico. Tel\u00e9fono gratis y acceso online para renovar carnet, cambio de titular el coche etc.","breadcrumb":{"@id":"https:\/\/www.topcita.es\/blog\/cita-previa-dgt\/#breadcrumb"},"inLanguage":"es","potentialAction":[{"@type":"ReadAction","target":["https:\/\/www.topcita.es\/blog\/cita-previa-dgt\/"]}]},{"@type":"BreadcrumbList","@id":"https:\/\/www.topcita.es\/blog\/cita-previa-dgt\/#breadcrumb","itemListElement":[{"@type":"ListItem","position":1,"name":"Portada","item":"https:\/\/www.topcita.es\/blog\/"},{"@type":"ListItem","position":2,"name":"Cita Previa DGT"}]},{"@type":"WebSite","@id":"https:\/\/www.topcita.es\/blog\/#website","url":"https:\/\/www.topcita.es\/blog\/","name":"TopCita.es","description":"El mejor portal para pedir citas con la administraci\u00f3n","potentialAction":[{"@type":"SearchAction","target":{"@type":"EntryPoint","urlTemplate":"https:\/\/www.topcita.es\/blog\/?s={search_term_string}"},"query-input":"required name=search_term_string"}],"inLanguage":"es"}]}},"_links":{"self":[{"href":"https:\/\/www.topcita.es\/blog\/wp-json\/wp\/v2\/pages\/79","targetHints":{"allow":["GET"]}}],"collection":[{"href":"https:\/\/www.topcita.es\/blog\/wp-json\/wp\/v2\/pages"}],"about":[{"href":"https:\/\/www.topcita.es\/blog\/wp-json\/wp\/v2\/types\/page"}],"author":[{"embeddable":true,"href":"https:\/\/www.topcita.es\/blog\/wp-json\/wp\/v2\/users\/1"}],"replies":[{"embeddable":true,"href":"https:\/\/www.topcita.es\/blog\/wp-json\/wp\/v2\/comments?post=79"}],"version-history":[{"count":15,"href":"https:\/\/www.topcita.es\/blog\/wp-json\/wp\/v2\/pages\/79\/revisions"}],"predecessor-version":[{"id":169,"href":"https:\/\/www.topcita.es\/blog\/wp-json\/wp\/v2\/pages\/79\/revisions\/169"}],"wp:attachment":[{"href":"https:\/\/www.topcita.es\/blog\/wp-json\/wp\/v2\/media?parent=79"}],"curies":[{"name":"wp","href":"https:\/\/api.w.org\/{rel}","templated":true}]}}